. Let s = n - -22. List the prime factors of s.
2, 5
Suppose -5*f + 59 = 3*x, -3*f = -0*f + 15. What are the prime factors of x?
2, 7
Suppose -5*p - 3644 = 5*j - 844, -2*j - 5*p = 1108. List the prime factors of (-2)/(-14) - j/21.
3
Suppose -4 = 4*x - 5*x. Suppose x*c = -0*c + 28. What are the prime factors of c?
7
What are the prime factors of (-2)/9 + ((-8290)/(-45) - -1)?
5, 37
Let n(j) = 30*j**2 - j - 5. What are the prime factors of n(-2)?
3, 13
Let j(n) = n**2 + n - 5. Suppose 2*i - 2 = -5*q, 3*i + i + 22 = 3*q. List the prime factors of j(i).
7
Let s(x) = x**3 + 6*x**2 - 10*x - 8. Let f be 48/(-6) + 2/2. What are the prime factors of s(f)?
13
What are the prime factors of 31*(1 + 4 + -4)?
31
Suppose 4*p + 8 = 0, 2*t - 3*t - 5*p = -86. What are the prime factors of t?
2, 3
Suppose 0 = 7*v - 2*v - 75. List the prime factors of 152/5 + v/25.
31
Suppose 9*i - 8*i + 10 = 4*h, -2*h - 22 = -5*i. What are the prime factors of i?
2, 3
List the prime factors of (-852)/(-24) - 2/4.
5, 7
Suppose 0 = 3*k - 0*k + 21. Let m = k + 11. What are the prime factors of (m + -2)*(-5)/(-1)?
2, 5
Let m be (-9)/6*(19 + 3). Let j = -19 + 31. List the prime factors of (m/j)/((-1)/4).
11
Suppose -3*q + 1 = -t + 3, 5*t - 3*q - 34 = 0. List the prime factors of t.
2
Let s be (124/10)/(4/20). Let h = -38 + s. What are the prime factors of h?
2, 3
Let d(a) = -a**2 + 47. What are the prime factors of d(0)?
47
Let m = 3 + 3. What are the prime factors of 4/m - (-26)/6?
5
Suppose 5*l - 3*w - 863 = 395, 4*l + 2*w = 1024. What are the prime factors of l/10 + 22/(-55)?
5
Let k = 56 + -32. What are the prime factors of (-2)/(-2)*(k - 6)?
2, 3
Let o(i) = i**2 - 7*i + 6. Let q be o(6). Suppose -5*p - 22 + 142 = q. Suppose l = -3*l + p. List the prime factors of l.
2, 3
Let g(l) = l - 3. Let a(d) = d - 4. Let o(b) = -2*a(b) + 3*g(b). List the prime factors of o(4).
3
List the prime factors of (-1 + -1)*((4 - 0) + -51).
2, 47
Let c = 0 + 3. Let a = c - 1. Suppose w = -a*w + 6. What are the prime factors of w?
2
Let o(u) be the third derivative of -7*u**4/24 - 3*u**3/2 - u**2. Let v be o(-6). Suppose -4*x - 1 = -v. What are the prime factors of x?
2
Suppose -20 = -4*l - 8. Suppose -3*w - 9 = 0, -l*v = -3*w - 19 + 4. List the prime factors of v.
2
Let q = 54 - 22. What are the prime factors of q?
2
Suppose 2*f - 49 = m, -f - 142 = -6*f - 4*m. What are the prime factors of f?
2, 13
Let r be (-5 - 0)*(-3)/5. Suppose 4*a = 2*a - 2*h - 6, 5*a - 3*h = -23. List the prime factors of a - -3 - r*-3.
2
Suppose g - 3 = -2. Suppose 7 = 4*s - g. What are the prime factors of s?
2
Let d = -34 - -11. Let z = -14 - d. What are the prime factors of z?
3
Suppose -w = -0*w + 5. Let c(b) = b**3 + 4*b**2 + 4*b - 5. Let j be c(w). List the prime factors of (-9)/(-12) - j/8.
7
Suppose 2*w - 5*w = -102. What are the prime factors of w?
2, 17
Suppose 4*d - 5*y = -67, -5*y - 16 = 2*d + 25. Let g = -47 + 34. Let n = g - d. What are the prime factors of n?
5
Let t(b) = 2*b + 6. Let z be t(6). Let f be (-2 - 0) + z/3. Suppose 0 = 2*v - n - 21, v - f*n = -2*v + 39. List the prime factors of v.
3
Let b(v) = 7*v - 24. What are the prime factors of b(10)?
2, 23
Let n(k) = k**2 + 9*k + 5. Let r be n(-9). Suppose 3*h + 54 = r*h. List the prime factors of h.
3
What are the prime factors of ((-92)/8)/((-3)/12)?
2, 23
Let l = 13 - 10. Let u(d) = 4*d**3 - 3*d**l - 4*d**2 + 0*d + 6 + 2*d - 2*d**3. List the prime factors of u(-5).
3, 7
Let v(q) = q**3 - q**2 - 3*q. Suppose u - 1 = -5. Let m = u + 7. What are the prime factors of v(m)?
3
Let h(u) = 2 - u + 4*u**2 - 3*u**3 + 4*u**3 + 2*u. List the prime factors of h(-2).
2
Suppose -3*i = -100 + 10. Suppose t + 4*t + i = 0. List the prime factors of (-4)/t*198/12.
11
Let f(h) = -h**2 + 11*h - 9. Let k be f(10). Let g be (-4)/18 + (-112)/(-18). Let o = g + k. What are the prime factors of o?
7
Let g = 14 - 10. Suppose g*i - 6 = 2*i. What are the prime factors of i?
3
What are the prime factors of 7 + 8/4 + -4?
5
Let o = 4 + -7. Let k be (1*20 + -2)*o. What are the prime factors of ((-1)/2)/(3/k)?
3
Let j be 4/(2/(-24) - 0). Let k be j/20*(-10)/3. Let m = k + -5. What are the prime factors of m?
3
Let m be (-2)/(-7) + (-342)/21. Let v = -2 + 27. Let d = m + v. What are the prime factors of d?
3
What are the prime factors of 1760/30*(-6)/(-4)?
2, 11
Let n = 10 + -5. Let l = -16 + n. Let k = -5 - l. What are the prime factors of k?
2, 3
List the prime factors of (0 + -3 - -3) + 109 - -4.
113
Suppose -2*x + 4*y - 5*y = 1, -25 = 5*x - 2*y. Let g be ((-2)/(-6))/(1/x). List the prime factors of 1/(g/(-12)*2).
2, 3
Let s = -13 - -19. Suppose 5*m - 24 = -4*i, 0*i + 5*m + s = i. List the prime factors of i.
2, 3
Let r be (-2)/((-6)/15) + 3. Let b be (-6)/r*(-128)/2. Suppose -4*i = 2*s - b, -4*i - s = -i - 35. What are the prime factors of i?
11
Let d be 10/5 + (1 - 3). Let v(s) = -2*s**2 - 7*s + s**3 + d*s + 1 + s + 0*s**2. What are the prime factors of v(4)?
3
List the prime factors of (42/(-4))/(-7)*54/3.
3
Suppose -3*g + 127 = 7. List the prime factors of g.
2, 5
Suppose -2*d + 31 - 9 = 0. List the prime factors of d.
11
Let n(g) = -g**2 + 9*g - 4. Suppose -o + 4*v - 3*v - 4 = 0, 5*o + 4*v + 38 = 0. Let d be (4/o)/(2/(-24)). What are the prime factors of n(d)?
2
Let m = -5 + 7. What are the prime factors of ((-14)/(-6) - m)*42?
2, 7
Let w = 5 + 0. Suppose 0 = w*g + t - 15, -5*g + t = 2 - 7. Suppose -g*z = -0*l - 4*l - 22, -3*l = -4*z + 54. List the prime factors of z.
3, 5
Suppose 4*d + 5 - 139 = -2*s, -3*d = -4*s - 84. Let a = -21 + d. What are the prime factors of a?
11
Suppose 6*g - g = -5, -5*g + 43 = 4*c. Suppose 0 = -o + 2 + c. Suppose -1 = -5*u + o. List the prime factors of u.
3
Suppose 19*k = 23*k - 160. List the prime factors of k.
2, 5
Suppose -35 = -4*j + 5*u + 17, -2*u = 2*j - 8. Let z = 13 + j. Suppose -2*q + 5*q = z. What are the prime factors of q?
7
Let x = -177 + 267. What are the prime factors of x?
2, 3, 5
Suppose 4*h = -0*h - 3*r + 216, -h - 4*r + 54 = 0. What are the prime factors of h?
2, 3
Let m(i) = 0*i**2 + i**2 - 3 - 2*i**2 - 3*i**3 - 4*i - 3*i**2. Let s be (8/(-20))/((-2)/(-10)). List the prime factors of m(s).
13
Suppose -5*h + 1 = -134. List the prime factors of h.
3
Suppose -2*a - 2*i = -5*a + 55, 0 = a + 3*i. Let v be 24/a*45/6. Suppose k = -k + v. What are the prime factors of k?
2, 3
Let g = -9 - -18. Let x(j) = -j**3 - 6*j**2 - 4*j + 9. Let v(z) = -5*z**3 - 25*z**2 - 16*z + 37. Let b(h) = g*x(h) - 2*v(h). List the prime factors of b(5).
2, 3
What are the prime factors of -2*(4 + 580/(-8))?
137
Let t(q) = q - 2. Let l be t(5). Suppose l*k - 37 + 10 = 0. List the prime factors of k.
3
Let b be (18/15)/((-1)/(-15)). Let g = b + -14. List the prime factors of g.
2
Suppose -2*l + 96 = 2*l. Suppose 0*u = -4*u + l. List the prime factors of u.
2, 3
Let g(c) = -c**2 + 29*c + 14. List the prime factors of g(10).
2, 3, 17
Let n be (-5)/(15/6) + -173. What are the prime factors of (12/10)/((-10)/n)?
3, 7
Suppose -6*b + 2*b = 0. Suppose 0 = -b*o + o - 13. What are the prime factors of o?
13
Let u = -19 - -27. Let h = 5 + -2. Suppose h*c - 7*c = -u. List the prime factors of c.
2
Let x = 5 - 1. Suppose -11 = -3*v + x*q, -4*v - q + 2 = -0*q. List the prime factors of ((-5)/(-3))/(v/3).
5
Let m = -26 + 51. What are the prime factors of m?
5
Let m be 19/4 - 2/(-8). Suppose -2*z = -m*z + 30. What are the prime factors of z?
2, 5
Let i be (2 + -2 + 2)*1. Let x be 2/4*(6 + i). Suppose -l - x*l = -30. List the prime factors of l.
2, 3
Let q(i) = -4*i + 11. Let z be q(-8). Let c = z - 25. List the prime factors of c.
2, 3
Let r(u) = -u + 7. Let d be r(5). Let c(w) = w + 2. What are the prime factors of c(d)?
2
Let w = 70 + -67. Let c be -1 + 0 + 5 + 0. Suppose 0*n = -3*n - c*l + 37, -w*n - 3*l + 33 = 0. What are the prime factors of n?
7
Suppose -2*r - 2*u = 150, 3*u - 90 = r + u. Let n = -47 - r. What are the prime factors of n?
3, 11
Let o(a) = 4*a - 3. Suppose 0 = z - 3 - 3. List the prime factors of o(z).
3, 7
Let w(m) = 2*m**3 + 2*m**2 - 2*m - 2. Let q(y) = y**2 - 1. Let z be q(-1). Suppose 6 = 2*g, g + z*g = -5*c + 13. List the prime factors of w(c).
2, 3
Let y = 90 + 1. What are the prime factors of y?
7, 13
Suppose 4*p + p - 70 = 0. Suppose 5*w - 3 = 17.